 5*j. What are the prime factors of j?
3, 19
Suppose 0 = -4*p + 5*j + 193, 5*p - 10*p + 5*j + 235 = 0. What are the prime factors of p?
2, 3, 7
Let n(d) = d**2 - 5*d - 6. Let p be n(6). Suppose p = 4*l - 4*r + 4, 4*r - 9 = l - r. What are the prime factors of (-1)/(l + (-30)/27)?
3
Let g(q) = -1 - 4 + 6. Let z(s) = s - 12. Let x(j) = 6*g(j) + z(j). What are the prime factors of x(9)?
3
Let u(b) = 3*b - 3 + 2 + 0*b + b. List the prime factors of u(1).
3
Suppose 2*r = 4*s + 24, s = 3*s - 2*r + 12. Let y be 0 + (4 - -1)*2. Let p = y + s. What are the prime factors of p?
2
Let u be -1*(2 - 3) - 0. Let r = u + 2. Suppose r + 3 = 3*a. What are the prime factors of a?
2
Suppose -95 + 279 = 4*n. What are the prime factors of n?
2, 23
Let m(y) = y**3 + 14*y**2 - 5*y - 12. List the prime factors of m(-14).
2, 29
Let j(r) = 13*r**2 + 1. Let i be j(1). Let p be (-4)/i - (-48)/21. Suppose -4*k + 48 = -2*b - p*b, 2*k - 22 = b. What are the prime factors of k?
2, 5
Let r(k) = 97*k**3 + 2*k**2 + k - 2. List the prime factors of r(1).
2, 7
Let k be 15/30 + 3/2. Let d be -1 - -1 - 68/(-2). Suppose -5*o - 7 = -k*c - d, 2*o = -3*c + 7. What are the prime factors of o?
5
Let r = -13 + 5. Let o = r + 7. Let b(m) = -15*m + 1. List the prime factors of b(o).
2
Let n = 42 + -30. What are the prime factors of n?
2, 3
Let l(h) = h**3 + h**2 + 6. Let p be l(0). Let o = p - 0. Suppose k + 4*j + o = 17, 3*j = -3*k + 33. List the prime factors of k.
11
Let k(c) = c**2 + 10*c - 13. Let l be k(-11). What are the prime factors of (54/12)/(l/(-4))?
3
Let h(k) = -k**2 + 6*k + 7. Let o be h(6). Suppose 4*p - 5 - o = 0. Suppose 5*g + 4*s = 28, -p*s = 4*g + s - 20. What are the prime factors of g?
2
Suppose 0 = -x - d + 3*d + 42, 50 = x - 4*d. List the prime factors of x.
2, 17
List the prime factors of 18/12 + 234/4.
2, 3, 5
Suppose 2*l + 44 = 4*l. List the prime factors of l.
2, 11
Let g(z) = z**3 - z**2 + z + 6. Let n be g(0). Suppose 0 = m - n*m + 105. What are the prime factors of m?
3, 7
Suppose -x - y = -9, 21 = 4*x - 5*y - 24. Suppose -11*j + x*j + 2 = 0. List the prime factors of j.
2
Suppose -383 = -k - 4*m, k + 0*k - 4*m - 375 = 0. List the prime factors of k.
379
Suppose -3*s + 51 = 2*d + d, 2*d - 3*s = 19. Suppose -5*j + 3*n = -20, -2*j + 7 = -5*j - 2*n. Suppose 0 = -k - j + d. What are the prime factors of k?
13
Suppose 2*t + 5*q + 64 = 0, 5*q + 124 = -5*t - 6. Let n be (-70)/t - (-4)/(-22). Suppose -62 = -n*s - 8. What are the prime factors of s?
2, 3
Let j(d) = d**2 + 2*d - 5. Let v be j(-4). Suppose 0 = -0*w - v*w + 21. List the prime factors of w.
7
Let g(s) = 6*s - 1. What are the prime factors of g(6)?
5, 7
Let t be (21/6)/((-1)/(-2)). Suppose -4*p + 17 = 3*b - t, 13 = -p + 4*b. Suppose 2*w = -p*w + 105. List the prime factors of w.
3, 7
Suppose 0 = -5*j + 4*h - 2*h, -2*j - 21 = -5*h. Let t(w) = w**2 + w - 1. Let p(k) = k**2 + k + 1. Let a(x) = j*t(x) - p(x). List the prime factors of a(3).
3
Let z(n) = 8*n**2 + 2. Let h(m) = 9*m**2 + 1. Let o(j) = 3*h(j) - 2*z(j). List the prime factors of o(-1).
2, 5
Let y = 9 - 5. Let n = 17 + y. What are the prime factors of n?
3, 7
Let m = 4 - 4. Let j = 3 + m. What are the prime factors of j?
3
Suppose -i - 26 = -3*i. What are the prime factors of i?
13
Let n = 10 - 6. Suppose 5*p - 53 = -n*b, 0*b = b - 2*p - 10. Suppose 0*m + b = 3*m + 3*f, -3*f - 20 = -5*m. List the prime factors of m.
2
Suppose 0 = 4*n - u - 136, 0 = 7*n - 3*n + 4*u - 116. Suppose c = -2*c + n. What are the prime factors of c?
11
Suppose -4*o = -0*o - 12. Let s(q) be the first derivative of -q**4/4 + 4*q**3/3 - q**2/2 - 2*q + 3. What are the prime factors of s(o)?
2
Let l(y) be the third derivative of -y**6/120 + 3*y**5/20 + 11*y**4/24 + y**3/6 - 5*y**2. What are the prime factors of l(10)?
11
Let z be (-10)/(-15) - (-67)/3. Let a = z - 14. What are the prime factors of a?
3
Suppose -5*m = -19 - 1. Suppose m*h - 65 - 11 = 0. List the prime factors of h.
19
Let y(k) = 24*k**3 + k**2 - 2*k + 1. What are the prime factors of y(1)?
2, 3
Let s be (-4 + -2)*2/(-3). Suppose -q + 10 = s. Suppose -2*o + 20 = q. List the prime factors of o.
7
Let n = 3 - 3. Suppose n = 2*i + 4 - 30. Suppose 7 = 2*m - i. What are the prime factors of m?
2, 5
Suppose -55*i = -54*i - 102. What are the prime factors of i?
2, 3, 17
Let n = 8 + -13. Let w(v) be the third derivative of -v**6/120 - v**5/12 - v**4/8 - 5*v**3/6 - 2*v**2. What are the prime factors of w(n)?
2, 5
Suppose 3*d - 9 = 9. Let y = d - 1. List the prime factors of y.
5
Suppose -u = -6*u + 15. List the prime factors of u.
3
Let g = -11 - -6. Let q = 0 - g. List the prime factors of q.
5
Suppose 0*f = -7*f + 245. What are the prime factors of f?
5, 7
Suppose -5*h - 18 = 17. Let v = h - -17. List the prime factors of v.
2, 5
Let c(z) = z**3 + 11*z**2 + 11*z - 7. List the prime factors of c(-9).
2, 7
Suppose 3*v + 147 = 4*z, 0 = 4*z + 4*v + 39 - 207. Suppose -69 - 1 = -5*y + 4*a, -3*y + 3*a = -z. Suppose -2*i + y = i. List the prime factors of i.
2, 3
Let j(h) = -h**3 - 7*h**2 + 6*h - 8. Let v be j(-8). Suppose 84 = -4*g + v*g. What are the prime factors of g?
3, 7
Suppose -4*h = j + 14, 3*h - 5*h - 12 = -2*j. Let k = j + 6. List the prime factors of k - (-3 - -1*2).
3
Suppose 2*l = 3*u - 209, -l + 106 = 2*u - 24. List the prime factors of u.
67
Suppose 5*f - 24 = f. Let r = f + 23. What are the prime factors of r?
29
Suppose 5*r - 205 = -2*t, 0 = 5*r - 2*t - 0*t - 185. List the prime factors of r.
3, 13
Suppose q + 0 = -2. What are the prime factors of 3*(-1)/(q + 1)?
3
Let q = 45 + 20. List the prime factors of q.
5, 13
List the prime factors of (-24)/(-5)*(-135)/(-18).
2, 3
Let x(z) be the second derivative of -z**5/20 + 7*z**4/12 + z**3/3 + 3*z**2 - 3*z. What are the prime factors of x(7)?
2, 5
Let s(h) = 2*h - 6. Let q be s(4). Let f(n) = 2*n**3 - 3*n**2 + n - 2. Let o be f(q). Suppose -v - 9 + 40 = 3*d, o*d + 5*v = 45. List the prime factors of d.
2, 5
Let z(c) = c**2 - 7*c + 8. What are the prime factors of z(11)?
2, 13
Let a = -6 - -52. What are the prime factors of a?
2, 23
Let m = 22 + 1. Suppose -5*z = -2*z - 5*p - 61, -5*p + m = 4*z. What are the prime factors of z?
2, 3
Let z = 69 - -116. Suppose -4*h = z - 1. Let f = 64 + h. List the prime factors of f.
2, 3
What are the prime factors of 20/3*(-312)/(-65)?
2
List the prime factors of 0 + (31 - (0 - -3)).
2, 7
Let s(a) be the second derivative of a**7/2520 - a**6/144 - a**5/40 + a**4/4 - a. Let l(r) be the third derivative of s(r). What are the prime factors of l(6)?
3
Let l(u) = 17*u + 1. List the prime factors of l(5).
2, 43
Let m(k) = -k + 2. Let o(w) be the second derivative of w**3/6 - w**2/2 + 4*w. Let i(x) = 7*m(x) + 6*o(x). What are the prime factors of i(-13)?
3, 7
Let b(p) = -p**3 + 8*p**2 - 2*p + 3. List the prime factors of b(7).
2, 19
Let p(n) = -5*n. Let i be p(-2). Suppose -2*q = -7*q + i. What are the prime factors of q?
2
Suppose -5*z - 37 - 13 = -5*w, z = 2*w - 15. Suppose 47 = 2*i + w*n + 5, 3*n = 3*i - 63. List the prime factors of 79/7 - 6/i.
11
Let n be 1*9*2/6. Suppose -2*b - n*b = 60. What are the prime factors of (b + 0)*9/(-12)?
3
Suppose -211 = -5*l - 46. What are the prime factors of l?
3, 11
Suppose -3*q + 208 = -5*h + 15, 0 = 4*q - h - 263. What are the prime factors of q?
2, 3, 11
Let f(p) = p**2 + 9*p + 7. Let u be f(-8). Let x = u - -1. Suppose x = 2*w + 1 - 23. List the prime factors of w.
11
Suppose 3*h = 3*o - 3, -2*h = -2*o - h + 1. Let w = o + -2. List the prime factors of (6/(-7))/(w/14).
2, 3
Suppose 0*y + 3*y - 18 = -3*l, l = -2. What are the prime factors of y?
2
Suppose -j + 25 = -0*j. List the prime factors of j.
5
Let n be 4/10 + (-189)/35. What are the prime factors of (-13 + n)*3*-1?
2, 3
Let z(r) = 36*r - 4. What are the prime factors of z(5)?
2, 11
Let m = 2 + -2. Suppose -3*k + m = -12. List the prime factors of k.
2
Let w = 13 + -4. Suppose w*c - 4*c = 0. Suppose -t + 0*t + 2 = c. What are the prime factors of t?
2
What are the prime factors of 2/4*(-3280)/(-8)?
5, 41
Suppose 20 = -t + 6*t. Let z(q) = 2*q**2 - 5*q - 2. What are the prime factors of z(t)?
2, 5
Let h = 20 + -20. Let g(l) = -l**3 + l**2 + l + 4. Let v be g(0). Suppose -3*z + 25 - v = h. What are the prime factors of z?
7
Let o = -2 + 1. 